{"id":5780,"date":"2018-03-16T01:07:43","date_gmt":"2018-03-16T00:07:43","guid":{"rendered":"https:\/\/www.mariemaison.it\/?page_id=5780"},"modified":"2022-06-20T22:34:31","modified_gmt":"2022-06-20T20:34:31","slug":"privacy-policy","status":"publish","type":"page","link":"https:\/\/www.mariemaison.it\/en\/privacy-policy\/","title":{"rendered":"Privacy Policy"},"content":{"rendered":"<div class=\"bt_bb_wrapper\"><section id=\"bt_bb_section69f5f9b44f6a2\"  class=\"bt_bb_section bt_bb_top_spacing_normal bt_bb_bottom_spacing_normal bt_bb_layout_boxed_1200 bt_bb_vertical_align_top\" ><div class=\"bt_bb_port\"><div class=\"bt_bb_cell\"><div class=\"bt_bb_cell_inner\"><div class=\"bt_bb_row_wrapper\"><div  class=\"bt_bb_row\" ><div  class=\"bt_bb_column col-xl-12 bt_bb_align_left bt_bb_vertical_align_top bt_bb_padding_normal\"  data-width=\"12\" data-bt-override-class=\"{}\"><div class=\"bt_bb_column_content\"><div class=\"bt_bb_column_content_inner\"><div  class=\"bt_bb_text\" ><p style=\"text-align: center;\"><strong>Marie Maison<\/strong><br \/>\n<strong>di Maria Linguanti<\/strong><br \/>\n<strong>97015 Modica <\/strong><br \/>\n<strong>P. IVA 01525810881<\/strong><\/p>\n<p>In ottemperanza degli obblighi derivanti dalla normativa nazionale (D. Lgs 30 giugno 2003 n. 196, Codice in materia di protezione dei dati personali) e comunitaria, (Regolamento europeo per la protezione dei dati personali n. 679\/2016, GDPR) e successive modifiche, il presente sito rispetta e tutela la riservatezza dei visitatori e degli utenti, ponendo in essere ogni sforzo possibile e proporzionato per non ledere i diritti degli utenti.<\/p>\n<p>La presente privacy policy si applica esclusivamente alle attivit\u00e0 online del presente sito ed \u00e8 valida per i visitatori\/utenti del sito. Non si applica alle informazioni eventualmente raccolte tramite canali diversi dal presente sito web. Lo scopo dell\u2019informativa privacy \u00e8 di fornire la massima trasparenza relativamente alle informazioni che il sito raccoglie e come le usa.<\/p>\n<p><strong>Base giuridica del trattamento.<\/strong><\/p>\n<p><strong>Il presente sito tratta i dati in base al consenso.\u00a0Con l\u2019uso o la consultazione del presente sito i visitatori e gli utenti approvano esplicitamente la presente informativa privacy e acconsentono al trattamento dei loro dati personali in relazione alle modalit\u00e0 e alle finalit\u00e0 di seguito descritte<\/strong>, compreso l\u2019eventuale diffusione a terzi se necessaria per l\u2019erogazione di un servizio.<br \/>\nIl conferimento dei dati e quindi il Consenso alla raccolta e al trattamento dei dati \u00e8 facoltativo, l\u2019Utente pu\u00f2 negare il consenso, e pu\u00f2 revocare in qualsiasi momento un consenso gi\u00e0 fornito (tramite email: segreteria@fondazionevaldinoto.it). Tuttavia negare il consenso pu\u00f2 comportare l\u2019impossibilit\u00e0 di erogare alcuni servizi e l\u2019esperienza di navigazione nel sito potrebbe essere compromessa.<\/p>\n<p>A partire dal 25 maggio 2018 (data di entrata in vigore del GDPR), il presente sito tratter\u00e0 alcuni dei dati in base ai legittimi interessi del titolare del trattamento.<\/p>\n<p><strong>Dati raccolti e finalit\u00e0 <\/strong><br \/>\nCome tutti i siti web anche il presente sito fa uso di log files nei quali vengono conservate informazioni raccolte in maniera automatizzata durante le visite degli utenti. Le informazioni raccolte possono essere le seguenti:<\/p>\n<p>\u2013 indirizzo internet protocol (IP);<br \/>\n\u2013 tipo di browser e parametri del dispositivo usato per connettersi al sito;<br \/>\n\u2013 nome dell\u2019internet service provider (ISP);<br \/>\n\u2013 data e orario di visita;<br \/>\n\u2013 pagina web di provenienza del visitatore (referral) e di uscita;<br \/>\n\u2013 nazione di provenienza;<br \/>\n\u2013 eventualmente il numero di click.<\/p>\n<p>La raccolta di dati e informazioni avviene per le seguenti\u00a0<strong>finalit\u00e0<\/strong>:<\/p>\n<p>\u2013 in forma esclusivamente aggregata e anonima al fine di verificare il corretto\u00a0<strong>funzionamento del sito<\/strong>. Nessuna di queste informazioni \u00e8 correlata alla persona fisica-Utente del sito, e non ne consentono in alcun modo l\u2019identificazione (dal 25 maggio 2018 tali informazioni saranno trattate in base ai legittimi interessi del titolare);<br \/>\n\u2013 a\u00a0<strong>fini di sicurezza<\/strong>\u00a0(<em>filtri antispam, firewall, rilevazione virus)<\/em>, i dati registrati automaticamente possono eventualmente comprendere anche dati personali come l\u2019indirizzo Ip, che potrebbe essere utilizzato, conformemente alle leggi vigenti in materia, al fine di bloccare tentativi di danneggiamento al sito medesimo o di recare danno ad altri utenti, o comunque attivit\u00e0 dannose o costituenti reato. Tali dati non sono mai utilizzati per l\u2019identificazione o la profilazione dell\u2019utente, n\u00e9 incrociati con altri dati, n\u00e9 forniti a terzi, ma utilizzati solo a fini di tutela del sito e dei suoi utenti (dal 25 maggio 2018 tali informazioni saranno trattate in base ai legittimi interessi del titolare);<br \/>\n\u2013 comunicare i dati a terze parti che svolgono funzioni necessarie o strumentali all\u2019operativit\u00e0 del servizio, come ad esempio la gestione dei commenti sul sito.<\/p>\n<p>Qualora il sito consenta l\u2019inserimento di\u00a0<strong>commenti<\/strong>, oppure in caso di specifici servizi richiesti dall\u2019utente (tramite la sezione Contatti o richiesta di invio del catalogo), il sito rileva automaticamente e registra alcuni dati identificativi dell\u2019utente, compreso l\u2019indirizzo mail e il nickname. Tali dati si intendono volontariamente forniti dall\u2019utente al momento dell\u2019erogazione del servizio, e sono trattati in base al consenso. Inserendo un commento o altra informazione l\u2019utente accetta espressamente l\u2019informativa privacy, e in particolare acconsente che i contenuti inseriti siano liberamente visualizzabili anche per altri visitatori.<\/p>\n<p>I dati ricevuti verranno utilizzati esclusivamente per l\u2019erogazione del servizio richiesto e per il solo tempo necessario per la fornitura del servizio.<br \/>\nLe informazioni che gli utenti del sito riterranno di rendere pubbliche tramite i servizi e gli strumenti messi a disposizione degli stessi, sono fornite dall\u2019utente consapevolmente e volontariamente, esentando il presente sito da qualsiasi responsabilit\u00e0 in merito ad eventuali violazioni delle leggi. Spetta all\u2019utente verificare di avere i permessi per l\u2019immissione di dati personali di terzi o di contenuti tutelati dalle norme nazionali ed internazionali.<\/p>\n<p>Se i commenti sono gestiti tramite un servizio esterno, si rimanda alle policy del servizio per ulteriori informazioni (si veda la sezione cookies).<\/p>\n<p>I dati raccolti dal sito durante il suo funzionamento sono utilizzati esclusivamente per le finalit\u00e0 sopra indicate e conservati per il tempo strettamente necessario a svolgere le attivit\u00e0 precisate. In ogni caso i dati personali rilevati dal sito non saranno forniti mai a terzi, per nessuna ragione, a meno che non si tratti di legittima richiesta da parte dell\u2019autorit\u00e0 giudiziaria e nei soli casi previsti dalla legge. I dati per\u00f2 potranno essere forniti a terzi qualora ci\u00f2 sia necessario per la fornitura di uno specifico servizio richiesto dell\u2019Utente (es. gestione dei commenti), oppure per l\u2019esecuzione di controlli di sicurezza o di ottimizzazione del sito.<\/p>\n<p><strong>Nel sito web potranno essere raccolti dati e pi\u00f9 precisamente nelle pagine dedicate ai preventivi, alla richiesta di invio e\/o download del catalogo o ai contatti tramite \u201ccontact form\u201d<\/strong>, i dati saranno trattati secondo modalit\u00e0 indicate nel seguente documento ai fini per l\u2019erogazione dei servizi e\/o risposte alle richieste pervenute. In caso che la trattativa sia conclusa positivamente e\/o negativamente i dati raccolti saranno distrutti e in nessun caso diffusi a terzi.<\/p>\n<p><strong>Luogo del trattamento<\/strong><\/p>\n<p>I dati raccolti dal sito sono trattati presso la sede del Titolare del Trattamento, e presso il datacenter del web Hosting Aruba (con sede legale in Via San Clemente, 53 &#8211; 24036 Ponte San Pietro (BG) P.IVA 01573850516 &#8211; C.F. \u00a004552920482 &#8211; Italy\u00a0risiede sul server della Key App, che \u00e8 responsabile del trattamento dei dati, elaborando i dati per conto del titolare, si trova nello Spazio Economico Europeo e agisce in conformit\u00e0 delle norme europee.<\/p>\n<\/div><\/div><\/div><\/div><\/div><\/div><\/div><\/div><\/div><\/section><\/div>","protected":false},"excerpt":{"rendered":"","protected":false},"author":2,"featured_media":0,"parent":0,"menu_order":0,"comment_status":"closed","ping_status":"closed","template":"","meta":[],"yoast_head":"<!-- This site is optimized with the Yoast SEO plugin v17.1 - https:\/\/yoast.com\/wordpress\/plugins\/seo\/ -->\n<title>Privacy Policy - Marie Maison Sicilian Design<\/title>\n<meta name=\"robots\" content=\"index, follow, max-snippet:-1, max-image-preview:large, max-video-preview:-1\" \/>\n<link rel=\"canonical\" href=\"https:\/\/www.mariemaison.it\/en\/privacy-policy\/\" \/>\n<meta property=\"og:locale\" content=\"en_US\" \/>\n<meta property=\"og:type\" content=\"article\" \/>\n<meta property=\"og:title\" content=\"Privacy Policy - Marie Maison Sicilian Design\" \/>\n<meta property=\"og:url\" content=\"https:\/\/www.mariemaison.it\/en\/privacy-policy\/\" \/>\n<meta property=\"og:site_name\" content=\"Marie Maison Sicilian Design\" \/>\n<meta property=\"article:modified_time\" content=\"2022-06-20T20:34:31+00:00\" \/>\n<meta name=\"twitter:card\" content=\"summary_large_image\" \/>\n<meta name=\"twitter:label1\" content=\"Est. reading time\" \/>\n\t<meta name=\"twitter:data1\" content=\"6 minutes\" \/>\n<script type=\"application\/ld+json\" class=\"yoast-schema-graph\">{\"@context\":\"https:\/\/schema.org\",\"@graph\":[{\"@type\":\"WebSite\",\"@id\":\"https:\/\/www.mariemaison.it\/#website\",\"url\":\"https:\/\/www.mariemaison.it\/\",\"name\":\"Marie Maison Sicilian Design\",\"description\":\"Mobili e creazioni artigianali a Modica\",\"potentialAction\":[{\"@type\":\"SearchAction\",\"target\":{\"@type\":\"EntryPoint\",\"urlTemplate\":\"https:\/\/www.mariemaison.it\/?s={search_term_string}\"},\"query-input\":\"required name=search_term_string\"}],\"inLanguage\":\"en-US\"},{\"@type\":\"WebPage\",\"@id\":\"https:\/\/www.mariemaison.it\/en\/privacy-policy\/#webpage\",\"url\":\"https:\/\/www.mariemaison.it\/en\/privacy-policy\/\",\"name\":\"Privacy Policy - Marie Maison Sicilian Design\",\"isPartOf\":{\"@id\":\"https:\/\/www.mariemaison.it\/#website\"},\"datePublished\":\"2018-03-16T00:07:43+00:00\",\"dateModified\":\"2022-06-20T20:34:31+00:00\",\"breadcrumb\":{\"@id\":\"https:\/\/www.mariemaison.it\/en\/privacy-policy\/#breadcrumb\"},\"inLanguage\":\"en-US\",\"potentialAction\":[{\"@type\":\"ReadAction\",\"target\":[\"https:\/\/www.mariemaison.it\/en\/privacy-policy\/\"]}]},{\"@type\":\"BreadcrumbList\",\"@id\":\"https:\/\/www.mariemaison.it\/en\/privacy-policy\/#breadcrumb\",\"itemListElement\":[{\"@type\":\"ListItem\",\"position\":1,\"name\":\"Home\",\"item\":\"https:\/\/www.mariemaison.it\/en\/\"},{\"@type\":\"ListItem\",\"position\":2,\"name\":\"Privacy Policy\"}]}]}<\/script>\n<!-- \/ Yoast SEO plugin. -->","yoast_head_json":{"title":"Privacy Policy - Marie Maison Sicilian Design","robots":{"index":"index","follow":"follow","max-snippet":"max-snippet:-1","max-image-preview":"max-image-preview:large","max-video-preview":"max-video-preview:-1"},"canonical":"https:\/\/www.mariemaison.it\/en\/privacy-policy\/","og_locale":"en_US","og_type":"article","og_title":"Privacy Policy - Marie Maison Sicilian Design","og_url":"https:\/\/www.mariemaison.it\/en\/privacy-policy\/","og_site_name":"Marie Maison Sicilian Design","article_modified_time":"2022-06-20T20:34:31+00:00","twitter_card":"summary_large_image","twitter_misc":{"Est. reading time":"6 minutes"},"schema":{"@context":"https:\/\/schema.org","@graph":[{"@type":"WebSite","@id":"https:\/\/www.mariemaison.it\/#website","url":"https:\/\/www.mariemaison.it\/","name":"Marie Maison Sicilian Design","description":"Mobili e creazioni artigianali a Modica","potentialAction":[{"@type":"SearchAction","target":{"@type":"EntryPoint","urlTemplate":"https:\/\/www.mariemaison.it\/?s={search_term_string}"},"query-input":"required name=search_term_string"}],"inLanguage":"en-US"},{"@type":"WebPage","@id":"https:\/\/www.mariemaison.it\/en\/privacy-policy\/#webpage","url":"https:\/\/www.mariemaison.it\/en\/privacy-policy\/","name":"Privacy Policy - Marie Maison Sicilian Design","isPartOf":{"@id":"https:\/\/www.mariemaison.it\/#website"},"datePublished":"2018-03-16T00:07:43+00:00","dateModified":"2022-06-20T20:34:31+00:00","breadcrumb":{"@id":"https:\/\/www.mariemaison.it\/en\/privacy-policy\/#breadcrumb"},"inLanguage":"en-US","potentialAction":[{"@type":"ReadAction","target":["https:\/\/www.mariemaison.it\/en\/privacy-policy\/"]}]},{"@type":"BreadcrumbList","@id":"https:\/\/www.mariemaison.it\/en\/privacy-policy\/#breadcrumb","itemListElement":[{"@type":"ListItem","position":1,"name":"Home","item":"https:\/\/www.mariemaison.it\/en\/"},{"@type":"ListItem","position":2,"name":"Privacy Policy"}]}]}},"_links":{"self":[{"href":"https:\/\/www.mariemaison.it\/en\/wp-json\/wp\/v2\/pages\/5780"}],"collection":[{"href":"https:\/\/www.mariemaison.it\/en\/wp-json\/wp\/v2\/pages"}],"about":[{"href":"https:\/\/www.mariemaison.it\/en\/wp-json\/wp\/v2\/types\/page"}],"author":[{"embeddable":true,"href":"https:\/\/www.mariemaison.it\/en\/wp-json\/wp\/v2\/users\/2"}],"replies":[{"embeddable":true,"href":"https:\/\/www.mariemaison.it\/en\/wp-json\/wp\/v2\/comments?post=5780"}],"version-history":[{"count":1,"href":"https:\/\/www.mariemaison.it\/en\/wp-json\/wp\/v2\/pages\/5780\/revisions"}],"predecessor-version":[{"id":7262,"href":"https:\/\/www.mariemaison.it\/en\/wp-json\/wp\/v2\/pages\/5780\/revisions\/7262"}],"wp:attachment":[{"href":"https:\/\/www.mariemaison.it\/en\/wp-json\/wp\/v2\/media?parent=5780"}],"curies":[{"name":"wp","href":"https:\/\/api.w.org\/{rel}","templated":true}]}}

<div class="bt_bb_wrapper"><section id="bt_bb_section69f5f9b44f6a2"  class="bt_bb_section bt_bb_top_spacing_normal bt_bb_bottom_spacing_normal bt_bb_layout_boxed_1200 bt_bb_vertical_align_top" ><div class="bt_bb_port"><div class="bt_bb_cell"><div class="bt_bb_cell_inner"><div class="bt_bb_row_wrapper"><div  class="bt_bb_row" ><div  class="bt_bb_column col-xl-12 bt_bb_align_left bt_bb_vertical_align_top bt_bb_padding_normal"  data-width="12" data-bt-override-class="{}"><div class="bt_bb_column_content"><div class="bt_bb_column_content_inner"><div  class="bt_bb_text" ><p style="text-align: center;"><strong>Marie Maison</strong><br />
<strong>di Maria Linguanti</strong><br />
<strong>97015 Modica </strong><br />
<strong>P. IVA 01525810881</strong></p>
<p>In ottemperanza degli obblighi derivanti dalla normativa nazionale (D. Lgs 30 giugno 2003 n. 196, Codice in materia di protezione dei dati personali) e comunitaria, (Regolamento europeo per la protezione dei dati personali n. 679/2016, GDPR) e successive modifiche, il presente sito rispetta e tutela la riservatezza dei visitatori e degli utenti, ponendo in essere ogni sforzo possibile e proporzionato per non ledere i diritti degli utenti.</p>
<p>La presente privacy policy si applica esclusivamente alle attività online del presente sito ed è valida per i visitatori/utenti del sito. Non si applica alle informazioni eventualmente raccolte tramite canali diversi dal presente sito web. Lo scopo dell’informativa privacy è di fornire la massima trasparenza relativamente alle informazioni che il sito raccoglie e come le usa.</p>
<p><strong>Base giuridica del trattamento.</strong></p>
<p><strong>Il presente sito tratta i dati in base al consenso. Con l’uso o la consultazione del presente sito i visitatori e gli utenti approvano esplicitamente la presente informativa privacy e acconsentono al trattamento dei loro dati personali in relazione alle modalità e alle finalità di seguito descritte</strong>, compreso l’eventuale diffusione a terzi se necessaria per l’erogazione di un servizio.<br />
Il conferimento dei dati e quindi il Consenso alla raccolta e al trattamento dei dati è facoltativo, l’Utente può negare il consenso, e può revocare in qualsiasi momento un consenso già fornito (tramite email: segreteria@fondazionevaldinoto.it). Tuttavia negare il consenso può comportare l’impossibilità di erogare alcuni servizi e l’esperienza di navigazione nel sito potrebbe essere compromessa.</p>
<p>A partire dal 25 maggio 2018 (data di entrata in vigore del GDPR), il presente sito tratterà alcuni dei dati in base ai legittimi interessi del titolare del trattamento.</p>
<p><strong>Dati raccolti e finalità </strong><br />
Come tutti i siti web anche il presente sito fa uso di log files nei quali vengono conservate informazioni raccolte in maniera automatizzata durante le visite degli utenti. Le informazioni raccolte possono essere le seguenti:</p>
<p>– indirizzo internet protocol (IP);<br />
– tipo di browser e parametri del dispositivo usato per connettersi al sito;<br />
– nome dell’internet service provider (ISP);<br />
– data e orario di visita;<br />
– pagina web di provenienza del visitatore (referral) e di uscita;<br />
– nazione di provenienza;<br />
– eventualmente il numero di click.</p>
<p>La raccolta di dati e informazioni avviene per le seguenti <strong>finalità</strong>:</p>
<p>– in forma esclusivamente aggregata e anonima al fine di verificare il corretto <strong>funzionamento del sito</strong>. Nessuna di queste informazioni è correlata alla persona fisica-Utente del sito, e non ne consentono in alcun modo l’identificazione (dal 25 maggio 2018 tali informazioni saranno trattate in base ai legittimi interessi del titolare);<br />
– a <strong>fini di sicurezza</strong> (<em>filtri antispam, firewall, rilevazione virus)</em>, i dati registrati automaticamente possono eventualmente comprendere anche dati personali come l’indirizzo Ip, che potrebbe essere utilizzato, conformemente alle leggi vigenti in materia, al fine di bloccare tentativi di danneggiamento al sito medesimo o di recare danno ad altri utenti, o comunque attività dannose o costituenti reato. Tali dati non sono mai utilizzati per l’identificazione o la profilazione dell’utente, né incrociati con altri dati, né forniti a terzi, ma utilizzati solo a fini di tutela del sito e dei suoi utenti (dal 25 maggio 2018 tali informazioni saranno trattate in base ai legittimi interessi del titolare);<br />
– comunicare i dati a terze parti che svolgono funzioni necessarie o strumentali all’operatività del servizio, come ad esempio la gestione dei commenti sul sito.</p>
<p>Qualora il sito consenta l’inserimento di <strong>commenti</strong>, oppure in caso di specifici servizi richiesti dall’utente (tramite la sezione Contatti o richiesta di invio del catalogo), il sito rileva automaticamente e registra alcuni dati identificativi dell’utente, compreso l’indirizzo mail e il nickname. Tali dati si intendono volontariamente forniti dall’utente al momento dell’erogazione del servizio, e sono trattati in base al consenso. Inserendo un commento o altra informazione l’utente accetta espressamente l’informativa privacy, e in particolare acconsente che i contenuti inseriti siano liberamente visualizzabili anche per altri visitatori.</p>
<p>I dati ricevuti verranno utilizzati esclusivamente per l’erogazione del servizio richiesto e per il solo tempo necessario per la fornitura del servizio.<br />
Le informazioni che gli utenti del sito riterranno di rendere pubbliche tramite i servizi e gli strumenti messi a disposizione degli stessi, sono fornite dall’utente consapevolmente e volontariamente, esentando il presente sito da qualsiasi responsabilità in merito ad eventuali violazioni delle leggi. Spetta all’utente verificare di avere i permessi per l’immissione di dati personali di terzi o di contenuti tutelati dalle norme nazionali ed internazionali.</p>
<p>Se i commenti sono gestiti tramite un servizio esterno, si rimanda alle policy del servizio per ulteriori informazioni (si veda la sezione cookies).</p>
<p>I dati raccolti dal sito durante il suo funzionamento sono utilizzati esclusivamente per le finalità sopra indicate e conservati per il tempo strettamente necessario a svolgere le attività precisate. In ogni caso i dati personali rilevati dal sito non saranno forniti mai a terzi, per nessuna ragione, a meno che non si tratti di legittima richiesta da parte dell’autorità giudiziaria e nei soli casi previsti dalla legge. I dati però potranno essere forniti a terzi qualora ciò sia necessario per la fornitura di uno specifico servizio richiesto dell’Utente (es. gestione dei commenti), oppure per l’esecuzione di controlli di sicurezza o di ottimizzazione del sito.</p>
<p><strong>Nel sito web potranno essere raccolti dati e più precisamente nelle pagine dedicate ai preventivi, alla richiesta di invio e/o download del catalogo o ai contatti tramite “contact form”</strong>, i dati saranno trattati secondo modalità indicate nel seguente documento ai fini per l’erogazione dei servizi e/o risposte alle richieste pervenute. In caso che la trattativa sia conclusa positivamente e/o negativamente i dati raccolti saranno distrutti e in nessun caso diffusi a terzi.</p>
<p><strong>Luogo del trattamento</strong></p>
<p>I dati raccolti dal sito sono trattati presso la sede del Titolare del Trattamento, e presso il datacenter del web Hosting Aruba (con sede legale in Via San Clemente, 53 &#8211; 24036 Ponte San Pietro (BG) P.IVA 01573850516 &#8211; C.F.  04552920482 &#8211; Italy risiede sul server della Key App, che è responsabile del trattamento dei dati, elaborando i dati per conto del titolare, si trova nello Spazio Economico Europeo e agisce in conformità delle norme europee.</p>
</div></div></div></div></div></div></div></div></div></section></div>
